ppose 266 = 5*h - 339. Let l = h + -68. Suppose -l = 63*m - 64*m. What is the remainder when m is divided by 19?
15
Suppose -4505*x + 4502*x = -189. Calculate the remainder when x is divided by 29.
5
Suppose 4*r - 5801 + 5653 = 0. Calculate the remainder when 55 is divided by r.
18
Let c(k) = 38*k - 6. Let s = 368 + -367. Suppose -3*b = -12 - 30. Calculate the remainder when c(s) is divided by b.
4
Let z be 139 + 5 - -2 - 6. What is the remainder when 20 - z/(-42)*(-6)/(-4) is divided by 7?
4
Let q(v) = 3*v**2 - 26*v - 152. Calculate the remainder when 263 is divided by q(13).
8
Let f(b) = 5*b**2 + 11*b + 27. Suppose 5*m = -231 + 206. What is the remainder when f(m) is divided by 42?
13
Calculate the remainder when 520 is divided by 5 + -2 - ((-2303)/77 + (-6)/66).
25
Let y(j) = j**3 - 6*j**2 + 19*j - 36. Let c = -318 + 443. Calculate the remainder when c is divided by y(5).
23
Suppose -2*a + 3*f - 96 = -379, 5*a = 5*f + 710. Let z = 354 + -336. Calculate the remainder when a is divided by z.
17
Let s be 141 - ((-4)/10)/(16/160). Suppose -18*o + s - 37 = 0. Calculate the remainder when 66 is divided by o.
0
Suppose -31*n - 660 = 2*n. Let y = n + 97. What is the remainder when 151 is divided by y?
74
Suppose 4*z - 13 = -1. Suppose w + 2 = 6, -a + 24 = z*w. Let h = -66368 - -66370. What is the remainder when a is divided by h?
0
Let o(t) be the second derivative of -t**5/20 + 11*t**4/12 - 2*t**3 + 23*t**2/2 + 56*t. What is the remainder when 768 is divided by o(9)?
75
Suppose -2*w - 110 = -7*w. Let f = 27 - 15. Calculate the remainder when -3*(-2 + (-184)/f - 3) is divided by w.
17
Let o(c) = c**3 - 63*c**2 + 59*c + 3699. What is the remainder when o(62) is divided by 29?
4
Let p = 9826 - 9822. Let n(x) = x - 3. Let y be n(3). Suppose y*k = -4*f + 5*k + 37, -2*f = -4*k - 20. What is the remainder when f is divided by p?
0
Let f = -2501 + 4816. Calculate the remainder when f is divided by 38.
35
Let r = -8620 - -8659. What is the remainder when 814 is divided by r?
34
Let r = 83 + -171. Let i = -75 - r. What is the remainder when 88 + (-1 - -3 - 1) is divided by i?
11
Suppose -5*k + 57 - 17 = 0. Suppose 66769 + 74876 = 1491*c. Calculate the remainder when c is divided by k.
7
Let j = 478 - 489. Let g(z) = -12*z - 36. What is the remainder when g(j) is divided by 28?
12
Calculate the remainder when 2/(-9)*(-8181)/18 is divided by 94.
7
Suppose -7*d + 13*d = 1140. Calculate the remainder when d is divided by (-4 + -7)/((-34)/(-12) + (23 - 26)).
58
Let y = 4060 - 4047. Calculate the remainder when 620 is divided by y.
9
What is the remainder when (1*9)/(1/2 + (-10017)/20670) is divided by 291?
3
Let p(g) = 11*g + 70. Let a be p(13). Let x = 283 - a. Calculate the remainder when x is divided by 8.
6
Let k(o) = o + 12. Let b be k(-18). Let h(r) = 2*r**2 - 18*r - 1. Let s be h(b). Suppose -4*l = -s - 29. What is the remainder when 203 is divided by l?
47
Let v(g) = -g**3 + 7*g**2 + 7*g + 3. Let m be v(8). Let i be (-130)/4 + m/(-10). Let q = 66 + i. Calculate the remainder when q is divided by 12.
10
Let v = 137 - 41. Let p = -27058 + 27138. Calculate the remainder when v is divided by p.
16
Suppose -332*k = -334*k - 2042. Let n = -331 - k. Calculate the remainder when n is divided by 77.
74
Let z(n) = -836*n - 5736. What is the remainder when 1499 is divided by z(-7)?
107
Let g(w) = -57*w - 139. Suppose 0 = 2*b - 10, 5*b = 3*m + 39 - 2. What is the remainder when g(m) is divided by 2/2*46/2?
20
Let n(o) = -3*o + 2. Suppose r - 333 = -3*u - 85, -2*u + r + 172 = 0. Calculate the remainder when u is divided by n(-4).
0
Let z = -210 - -218. Suppose 0 = -2*w, 2*n - z*w - 20 = -3*w. Suppose -2*s + 4*u = -16, 2*u + u = s - 10. Calculate the remainder when n is divided by s.
2
Suppose 0 = -0*q - 15*q + 2951 + 2734. Calculate the remainder when q is divided by 106.
61
Suppose -145 = -2*b + 19. Calculate the remainder when b is divided by 73.
9
Let t be 6/8 + 39/12. Suppose -t*r + 324 = -i, -256 = -r - 2*r + 4*i. Let f = r + -57. What is the remainder when 85 is divided by f?
16
Suppose 4*w = 2*i + 7091 + 5, -8870 = -5*w + 5*i. What is the remainder when w is divided by 148?
146
Let r(t) = -9*t**3 + 11*t**2 + 35*t + 9. What is the remainder when r(-4) is divided by 64?
45
Let c be (-5)/10*(1 - 1). Let u(j) = -5*j**2 + c*j**2 - 5*j + 0*j + j**3 + 7. What is the remainder when 45 is divided by u(6)?
6
Let q = 129 + -127. Suppose 4*j - 2*c = 3*j - 2, -10 = -q*c. Calculate the remainder when 13 is divided by j.
5
Suppose -170*s + 136 = -169*s. Let p = 149 - s. Calculate the remainder when p is divided by 8.
5
Suppose h - 9 = -0. Suppose 2*n - 7 = h. What is the remainder when ((-54)/(-4))/((-7)/(-4 - 10)) is divided by n?
3
Let i be (-8)/(-28) + -1668*(-2)/(-14). Let r = -167 - i. Calculate the remainder when r is divided by 6.
5
Suppose -1288 = -29*t + 11153. Calculate the remainder when t is divided by 3.
0
Let m(l) = -109*l - 2682. Calculate the remainder when m(-28) is divided by 248.
122
Let t = 20698 - 20686. Calculate the remainder when 244 is divided by t.
4
Let t(y) = 2*y + 7. Let r be (-166)/((-4)/(-1 + 3)). Let p = 95 - r. What is the remainder when t(7) is divided by p?
9
Suppose -465*v + 495*v = 8790. What is the remainder when 551 is divided by v?
258
Let s = 28398 - 28388. Suppose 418 = 2*p - 140. Calculate the remainder when 4/10 + p/15 is divided by s.
9
Let w = -5730 + 5826. What is the remainder when w is divided by 90*(8/20 - 0)?
24
Suppose 82*b - 17*b - 28269 = -16*b. Calculate the remainder when 1319 is divided by b.
272
Let d(k) = -2*k - 1. Let r be d(-3). Suppose r*o + 2*o = 637. Suppose 3*z - 46 = z. What is the remainder when o is divided by z?
22
Let q(n) = -n**3 + 9*n**2 - 7*n - 11. Let v(j) = j + 16. Let i be v(-9). Let r = 20 - 10. Calculate the remainder when q(i) is divided by r.
8
Let o(y) = -5527*y + 49984. Let s = 30 + 19. What is the remainder when o(9) is divided by s?
45
Let l(p) be the second derivative of -p**3/3 + 17*p**2/2 - 88*p. Calculate the remainder when 86 is divided by l(1).
11
Suppose 8*x - 42 = x. Suppose -m + x = -11. Calculate the remainder when m is divided by 5.
2
Let y(v) = -v**2 + 32*v - 28. Calculate the remainder when y(15) is divided by 48.
35
Let v = 928 + -1036. Calculate the remainder when (1 + v)/(-1) + (6 - 8) is divided by 32.
9
Let w(k) = 49*k. Let d = -17 + 58. Calculate the remainder when w(5) is divided by d.
40
Suppose -6*a = -18199 - 16055. Calculate the remainder when a is divided by 12.
9
Let d = -20272 - -20507. What is the remainder when 449 is divided by d?
214
Let k be 88 + (-12)/10*-5. Let z = 100 - k. What is the remainder when 340 is divided by z?
4
Let k(z) = z**3 - 3*z**2 - 3*z + 11. Let m = 14 + -9. What is the remainder when k(m) is divided by 28?
18
Let b = -11977 - -12009. Calculate the remainder when 2749 is divided by b.
29
Calculate the remainder when ((-705)/(-282))/(5/298) - 8 is divided by 8.
5
Calculate the remainder when 6 + 0 + (-8874)/(-58) - (-14 + 10) is divided by 110.
53
Suppose -128*t - 3896 + 5763 = -6709. What is the remainder when t is divided by 14?
11
Let x = 85 + -75. Suppose -80 = -x*p + 2*p. Suppose 522 = -k + p*k. What is the remainder when k is divided by 30?
28
What is the remainder when (212760/380 - (-12)/2) + (-2)/(-19) is divided by 8?
6
Let s(k) = -2*k + 24. Let n = 16 + -5. Let v be s(n). Suppose 0*t = -v*t - 5*r + 17, -r = -t - 2. What is the remainder when 8 is divided by t?
0
Let x be (-12)/(-15)*10/4. Let s(a) = -a**3 + 3*a**2 + a - 4. Let d be s(x). Suppose 0 = 7*c - d*c - 15. What is the remainder when 5 is divided by c?
2
Let c(j) = 1087*j + 2187. Calculate the remainder when 519 is divided by c(-2).
12
Let q(h) = h**2 + 9*h. Let t be q(0). What is the remainder when -93*(-5 + 4 - t) is divided by 14?
9
Let z(t) = 6*t**2 - 16*t + 23. What is the remainder when 306 is divided by z(3)?
16
Suppose b = -0 + 1, -2*b + 32 = 2*c. Suppose -43*m + 1412 = 208. Calculate the remainder when m is divided by c.
13
What is the remainder when 809256/476 - (-4)/(-34) is divided by 63?
62
Calculate the remainder when 56 is divided by (220/(-180) - (-6)/27)*-8.
0
Suppose 21*g - 3462 = 276. Calculate the remainder when g is divided by 89.
0
Let u = -571 + 